{"id":210,"date":"2018-01-05T14:23:37","date_gmt":"2018-01-05T14:23:37","guid":{"rendered":"http:\/\/localhost\/wordpress\/?page_id=210"},"modified":"2018-05-18T16:23:24","modified_gmt":"2018-05-18T16:23:24","slug":"impressum","status":"publish","type":"page","link":"https:\/\/www.berufskollegs-paderborn.de\/index.php\/impressum\/","title":{"rendered":"Impressum"},"content":{"rendered":"<h4 class=\"p1\"><span class=\"s1\"><b>HERAUSGEBER<\/b><\/span><\/h4>\n<p class=\"p3\"><span class=\"s1\">Schulleitungen der f\u00fcnf Berufskollegs des Kreises Paderborn<\/span><\/p>\n<h4 class=\"p3\"><span class=\"s1\"><b>V.I.S.D.P.<\/b><\/span><\/h4>\n<p>Matthias Gro\u00df<br \/>\nc\/o Berufskolleg Schlo\u00df Neuhaus<br \/>\nAn der Kapelle 2<br \/>\n33104 Paderborn-Schlo\u00df Neuhaus<br \/>\nsekretariat(at)bksn.de<\/p>\n<h4 class=\"p3\"><span class=\"s1\"><b>Datenschutzbeauftragter<\/b><\/span><\/h4>\n<p>R\u00fcdiger B\u00fcrder<br \/>\nAm Bischofsteich 5<br \/>\n33102 Paderborn<\/p>\n<h4 class=\"p1\"><span class=\"s1\"><b>KONZEPT | GESTALTUNG | Programmierung<\/b><\/span><\/h4>\n<p class=\"p3\"><span class=\"s1\">STEUER Marketing und Kommunikation GmbH<\/span><\/p>\n<p class=\"p4\"><span class=\"s1\"><a href=\"http:\/\/www.agentur-steuer.de\" target=\"_blank\" rel=\"noopener\">www.agentur-steuer.de<\/a><\/span><\/p>\n","protected":false},"excerpt":{"rendered":"<p>HERAUSGEBER Schulleitungen der f\u00fcnf Berufskollegs des Kreises Paderborn V.I.S.D.P. Matthias Gro\u00df c\/o Berufskolleg Schlo\u00df Neuhaus An der Kapelle 2 33104 Paderborn-Schlo\u00df Neuhaus sekretariat(at)bksn.de Datenschutzbeauftragter R\u00fcdiger B\u00fcrder Am Bischofsteich 5 33102 Paderborn KONZEPT | GESTALTUNG | Programmierung STEUER Marketing und Kommunikation GmbH www.agentur-steuer.de<\/p>\n","protected":false},"author":1,"featured_media":541,"parent":0,"menu_order":0,"comment_status":"closed","ping_status":"closed","template":"","meta":{"footnotes":""},"class_list":["post-210","page","type-page","status-publish","has-post-thumbnail","hentry"],"_links":{"self":[{"href":"https:\/\/www.berufskollegs-paderborn.de\/index.php\/wp-json\/wp\/v2\/pages\/210","targetHints":{"allow":["GET"]}}],"collection":[{"href":"https:\/\/www.berufskollegs-paderborn.de\/index.php\/wp-json\/wp\/v2\/pages"}],"about":[{"href":"https:\/\/www.berufskollegs-paderborn.de\/index.php\/wp-json\/wp\/v2\/types\/page"}],"author":[{"embeddable":true,"href":"https:\/\/www.berufskollegs-paderborn.de\/index.php\/wp-json\/wp\/v2\/users\/1"}],"replies":[{"embeddable":true,"href":"https:\/\/www.berufskollegs-paderborn.de\/index.php\/wp-json\/wp\/v2\/comments?post=210"}],"version-history":[{"count":18,"href":"https:\/\/www.berufskollegs-paderborn.de\/index.php\/wp-json\/wp\/v2\/pages\/210\/revisions"}],"predecessor-version":[{"id":552,"href":"https:\/\/www.berufskollegs-paderborn.de\/index.php\/wp-json\/wp\/v2\/pages\/210\/revisions\/552"}],"wp:featuredmedia":[{"embeddable":true,"href":"https:\/\/www.berufskollegs-paderborn.de\/index.php\/wp-json\/wp\/v2\/media\/541"}],"wp:attachment":[{"href":"https:\/\/www.berufskollegs-paderborn.de\/index.php\/wp-json\/wp\/v2\/media?parent=210"}],"curies":[{"name":"wp","href":"https:\/\/api.w.org\/{rel}","templated":true}]}}

<h4 class="p1"><span class="s1"><b>HERAUSGEBER</b></span></h4>
<p class="p3"><span class="s1">Schulleitungen der fünf Berufskollegs des Kreises Paderborn</span></p>
<h4 class="p3"><span class="s1"><b>V.I.S.D.P.</b></span></h4>
<p>Matthias Groß<br />
c/o Berufskolleg Schloß Neuhaus<br />
An der Kapelle 2<br />
33104 Paderborn-Schloß Neuhaus<br />
sekretariat(at)bksn.de</p>
<h4 class="p3"><span class="s1"><b>Datenschutzbeauftragter</b></span></h4>
<p>Rüdiger Bürder<br />
Am Bischofsteich 5<br />
33102 Paderborn</p>
<h4 class="p1"><span class="s1"><b>KONZEPT | GESTALTUNG | Programmierung</b></span></h4>
<p class="p3"><span class="s1">STEUER Marketing und Kommunikation GmbH</span></p>
<p class="p4"><span class="s1"><a href="http://www.agentur-steuer.de" target="_blank" rel="noopener">www.agentur-steuer.de</a></span></p>

<p>HERAUSGEBER Schulleitungen der fünf Berufskollegs des Kreises Paderborn V.I.S.D.P. Matthias Groß c/o Berufskolleg Schloß Neuhaus An der Kapelle 2 33104 Paderborn-Schloß Neuhaus sekretariat(at)bksn.de Datenschutzbeauftragter Rüdiger Bürder Am Bischofsteich 5 33102 Paderborn KONZEPT | GESTALTUNG | Programmierung STEUER Marketing und Kommunikation GmbH www.agentur-steuer.de</p>
